ate the highest common divisor of 609 and 52416021.
609
Calculate the greatest common factor of 24 and 217811148.
12
Calculate the highest common divisor of 5220 and 19894.
58
Calculate the highest common divisor of 231801765 and 30.
15
What is the greatest common factor of 60 and 74109648?
12
Calculate the greatest common divisor of 621 and 135444447.
621
What is the greatest common divisor of 6408667 and 181?
181
Calculate the highest common factor of 178760 and 89440.
40
Calculate the greatest common factor of 456 and 368867064.
456
What is the highest common factor of 30465 and 27785?
5
Calculate the greatest common factor of 25840 and 9489360.
1520
What is the highest common divisor of 71106400 and 800?
800
What is the greatest common divisor of 66748717 and 563?
563
What is the greatest common divisor of 300 and 380387175?
75
Calculate the highest common factor of 75572 and 16436.
28
What is the highest common factor of 150 and 55219350?
150
What is the highest common factor of 1427 and 1325199247?
1427
What is the greatest common divisor of 17340366 and 6?
6
What is the highest common divisor of 5952719 and 133?
19
What is the greatest common divisor of 1490 and 1076390?
10
What is the highest common divisor of 521132435 and 635?
635
Calculate the greatest common divisor of 14202 and 1271868.
1578
Calculate the highest common factor of 95554 and 32.
2
What is the highest common factor of 6461 and 11899316?
923
Calculate the highest common factor of 1206 and 7721214.
402
What is the greatest common divisor of 207770 and 829765?
1315
What is the highest common factor of 9647 and 51755?
11
Calculate the greatest common factor of 6324 and 5900509.
31
What is the highest common factor of 151810 and 51170?
170
Calculate the highest common factor of 2227008 and 1536.
192
What is the greatest common factor of 489141 and 389436?
1173
What is the highest common divisor of 7710326 and 26?
26
What is the highest common factor of 1854 and 207007134?
618
What is the highest common factor of 69215 and 105185?
545
Calculate the highest common divisor of 40 and 57119000.
40
What is the greatest common divisor of 4303 and 1642091?
331
What is the highest common divisor of 2851664 and 3330?
74
Calculate the greatest common divisor of 15326 and 59558.
194
What is the highest common factor of 67604419 and 107?
107
Calculate the greatest common divisor of 27514 and 478.
2
What is the highest common factor of 1956 and 32101709?
163
What is the highest common factor of 579020 and 6765915?
1105
What is the greatest common divisor of 937 and 24271111?
937
Calculate the highest common divisor of 60 and 4065010.
10
What is the highest common factor of 36768676 and 2380?
28
What is the highest common factor of 17576 and 7663864?
104
What is the highest common factor of 106275 and 38877575?
2725
Calculate the highest common factor of 288 and 1436733024.
96
Calculate the greatest common factor of 11790 and 25777656.
2358
Calculate the highest common factor of 104 and 3838504.
8
What is the greatest common divisor of 432 and 109521168?
48
What is the greatest common factor of 2462604 and 494787?
3777
What is the highest common divisor of 358 and 253474?
2
What is the highest common factor of 35 and 14850985?
5
Calculate the highest common factor of 479744 and 26236.
3748
Calculate the greatest common divisor of 605657 and 57317.
13
Calculate the greatest common factor of 401132121 and 23.
23
Calculate the greatest common divisor of 17501 and 154825.
11
Calculate the greatest common divisor of 23856820 and 208.
52
What is the greatest common divisor of 407 and 478447?
37
Calculate the greatest common divisor of 3087 and 53692191.
3087
What is the highest common factor of 12149560 and 560?
40
What is the highest common divisor of 902 and 16554406?
902
Calculate the greatest common divisor of 96000944 and 412.
412
What is the highest common divisor of 97 and 26422412?
97
What is the highest common divisor of 50165841 and 54384?
3399
Calculate the highest common factor of 6026713 and 7084.
1771
What is the greatest common divisor of 354863 and 97033?
19
Calculate the highest common factor of 6319 and 927828.
71
Calculate the greatest common divisor of 58 and 65086498.
58
What is the greatest common divisor of 221733556 and 2332?
2332
What is the greatest common divisor of 192 and 4074072?
24
Calculate the highest common divisor of 278 and 1468257.
139
What is the greatest common factor of 39373749 and 914?
457
Calculate the highest common factor of 10488437 and 3496.
437
What is the greatest common divisor of 2810 and 23681275?
1405
What is the highest common divisor of 267 and 9537596?
89
Calculate the highest common divisor of 7323 and 67198289.
2441
Calculate the highest common factor of 6349266 and 44.
22
What is the greatest common factor of 274187410 and 932?
466
Calculate the highest common divisor of 41942320 and 224.
112
Calculate the highest common divisor of 482526 and 92598.
66
Calculate the highest common divisor of 3295 and 3530.
5
Calculate the greatest common divisor of 113666 and 195562.
706
What is the highest common divisor of 8555100 and 1500?
300
What is the highest common divisor of 3942 and 86746338?
1314
Calculate the highest common factor of 129482 and 8852851.
641
What is the highest common factor of 1512 and 25029?
27
Calculate the highest common divisor of 189920 and 68160.
160
What is the greatest common factor of 19101222 and 483?
21
Calculate the highest common divisor of 18372 and 221517328.
6124
Calculate the highest common factor of 81 and 4207086.
27
What is the highest common divisor of 2188 and 221126938?
1094
What is the highest common divisor of 50181390 and 686?
98
Calculate the greatest common factor of 5106 and 7311378.
138
What is the greatest common divisor of 707 and 119595?
7
Calculate the greatest common factor of 1403832 and 7192.
232
Calculate the highest common divisor of 770 and 582905015.
385
What is the highest common divisor of 44976 and 103216?
16
Calculate the greatest common factor of 695101 and 102413.
2179
Calculate the highest common factor of 314 and 73188062.
314
Calculate the highest common factor of 2388832 and 1064.
152
What is the highest common divisor of 13806 and 64194?
78
What is the greatest common divisor of 318956875 and 75?
25
Calculate the highest common factor of 614 and 11096208.
614
What is the greatest common factor of 101020380 and 120?
60
Calculate the highest common factor of 10913052 and 902.
82
Calculate the greatest common factor of 192 and 224935680.
192
What is the greatest common divisor of 1224 and 42771762?
306
Calculate the highest common divisor of 3224 and 851032.
104
What is the greatest common divisor of 95145 and 435?
15
What is the highest common factor of 2252585 and 170?
85
What is the highest common divisor of 4386 and 51406844?
1462
Calculate the greatest common divisor of 4691034 and 7218.
18
Calculate the highest common factor of 875 and 1612240.
35
What is the greatest common divisor of 324098016 and 192?
96
Calculate the highest common factor of 14723688 and 2184.
168
What is the greatest common factor of 12 and 108722736?
12
Calculate the highest common factor of 287447 and 117298.
223
Calculate the greatest common factor of 412176 and 1798.
62
Calculate the highest common factor of 4015600 and 29600.
400
What is the highest common divisor of 40 and 11749160?
40
What is the greatest common divisor of 21444 and 3968927?
1787
What is the highest common divisor of 173025 and 15175?
25
What is the greatest common factor of 56074 and 8109?
53
Calculate the greatest common factor of 343 and 40991832.
49
What is the highest common factor of 80087199 and 86?
43
What is the greatest common divisor of 13502 and 1623380?
314
Calculate the greatest common factor of 22868385 and 261.
87
Calculate the greatest common divisor of 157723 and 97882.
109
Calculate the highest common factor of 9084 and 20850051.
2271
Calculate the greatest common divisor of 339801 and 4851.
231
Calculate the greatest common factor of 363 and 1202256.
363
What is the highest common divisor of 118721410 and 398?
398
What is the highest common factor of 6771 and 5634619?
37
Calculate the greatest commo